 the greatest common factor of 1708 and 28?
28
What is the greatest common divisor of 13760 and 40?
40
Calculate the highest common divisor of 114 and 30.
6
What is the highest common factor of 32886 and 14?
14
Calculate the greatest common divisor of 60 and 52860.
60
Calculate the greatest common divisor of 285 and 120.
15
What is the highest common factor of 2500 and 35?
5
Calculate the greatest common divisor of 1818 and 36.
18
What is the highest common factor of 496 and 2852?
124
What is the highest common factor of 42 and 2905?
7
What is the greatest common divisor of 3030 and 165?
15
Calculate the greatest common divisor of 5325 and 75.
75
Calculate the greatest common factor of 189 and 84.
21
What is the greatest common factor of 20 and 1310?
10
Calculate the highest common factor of 20 and 1370.
10
What is the greatest common factor of 221 and 34?
17
Calculate the greatest common factor of 486 and 18.
18
What is the highest common divisor of 336 and 8?
8
Calculate the greatest common divisor of 40864 and 32.
32
Calculate the greatest common divisor of 336 and 3794.
14
Calculate the highest common factor of 1690 and 2210.
130
Calculate the greatest common divisor of 68 and 2754.
34
Calculate the highest common divisor of 4958 and 148.
74
Calculate the greatest common divisor of 126 and 27.
9
What is the greatest common divisor of 32 and 40?
8
Calculate the greatest common divisor of 13 and 19968.
13
What is the highest common factor of 2613 and 195?
39
Calculate the highest common divisor of 24 and 192.
24
What is the highest common factor of 45 and 10?
5
What is the highest common divisor of 16 and 3472?
16
What is the highest common factor of 3350 and 50?
50
What is the greatest common divisor of 378 and 702?
54
Calculate the greatest common divisor of 48 and 108.
12
Calculate the highest common divisor of 1212 and 12.
12
What is the highest common factor of 25 and 100?
25
What is the highest common factor of 147 and 33?
3
Calculate the highest common factor of 5986 and 82.
82
Calculate the highest common divisor of 1504 and 141.
47
What is the greatest common divisor of 80 and 1880?
40
What is the highest common divisor of 323 and 38?
19
Calculate the greatest common factor of 24 and 660.
12
Calculate the highest common divisor of 1804 and 492.
164
Calculate the greatest common divisor of 104 and 44.
4
Calculate the greatest common factor of 237 and 12.
3
Calculate the greatest common factor of 1392 and 48.
48
Calculate the highest common divisor of 290 and 57130.
290
What is the greatest common factor of 650 and 950?
50
Calculate the highest common factor of 660 and 1056.
132
What is the greatest common divisor of 12 and 318?
6
Calculate the highest common divisor of 243 and 405.
81
Calculate the highest common factor of 40 and 3688.
8
Calculate the highest common factor of 30050 and 10.
10
Calculate the greatest common factor of 134 and 201.
67
Calculate the highest common factor of 30864 and 16.
16
Calculate the greatest common divisor of 8019 and 33.
33
What is the highest common factor of 41 and 9061?
41
What is the highest common factor of 4266 and 54?
54
Calculate the greatest common divisor of 42 and 189.
21
Calculate the greatest common factor of 28 and 2758.
14
Calculate the greatest common factor of 93 and 1581.
93
Calculate the greatest common factor of 3 and 591.
3
What is the highest common divisor of 69 and 92?
23
Calculate the highest common factor of 59820 and 60.
60
Calculate the highest common divisor of 67 and 603.
67
Calculate the highest common divisor of 39 and 208.
13
What is the highest common divisor of 444 and 36?
12
What is the highest common divisor of 8998 and 88?
22
What is the greatest common factor of 46 and 11477?
23
What is the highest common factor of 380 and 57?
19
Calculate the greatest common factor of 62 and 30938.
62
What is the greatest common factor of 4876 and 46?
46
Calculate the highest common factor of 21 and 2121.
21
Calculate the greatest common factor of 7 and 3241.
7
Calculate the highest common factor of 1776 and 48.
48
Calculate the highest common factor of 13 and 2327.
13
Calculate the greatest common divisor of 86 and 4.
2
What is the highest common factor of 72 and 144?
72
What is the highest common divisor of 9 and 3510?
9
What is the highest common factor of 491 and 4?
1
Calculate the highest common factor of 114 and 330.
6
Calculate the highest common divisor of 34 and 646.
34
What is the highest common divisor of 590 and 40?
10
What is the greatest common factor of 196 and 16?
4
Calculate the highest common divisor of 198 and 1254.
66
Calculate the greatest common divisor of 83 and 747.
83
Calculate the greatest common factor of 53023 and 17.
17
Calculate the greatest common factor of 1449 and 45.
9
What is the greatest common factor of 284 and 639?
71
Calculate the highest common factor of 90 and 342.
18
Calculate the greatest common divisor of 462 and 903.
21
Calculate the greatest common divisor of 24 and 84.
12
What is the greatest common divisor of 18 and 63?
9
Calculate the greatest common divisor of 11 and 176.
11
What is the highest common divisor of 4 and 2336?
4
Calculate the greatest common factor of 968 and 4114.
242
Calculate the highest common divisor of 10 and 30750.
10
What is the highest common divisor of 1148 and 28?
28
Calculate the greatest common divisor of 22 and 12991.
11
Calculate the greatest common divisor of 143 and 403.
13
Calculate the highest common factor of 295 and 5.
5
What is the greatest common divisor of 42 and 308?
14
Calculate the highest common factor of 45 and 18.
9
What is the highest common divisor of 15 and 305?
5
What is the greatest common divisor of 2 and 118?
2
What is the highest common divisor of 42 and 42?
42
Calculate the highest common divisor of 216 and 2214.
54
Calculate the greatest common factor of 35 and 15.
5
What is the highest common factor of 390 and 104?
26
What is the greatest common divisor of 130 and 40?
10
Calculate the highest common factor of 1211 and 3806.
173
Calculate the greatest common factor of 156 and 1014.
78
Calculate the greatest common divisor of 323 and 57.
19
What is the highest common divisor of 2 and 2232?
2
Calculate the greatest common divisor of 28 and 204.
4
What is the greatest common divisor of 144 and 552?
24
What is the highest common divisor of 713 and 589?
31
What is the highest common factor of 15 and 3785?
5
What is the greatest common divisor of 14 and 190?
2
What is the greatest common divisor of 91 and 52?
13
What is the highest common factor of 9 and 9954?
9
Calculate the highest common divisor of 594 and 4026.
66
What is the greatest common divisor of 1917 and 426?
213
What is the highest common factor of 1734 and 6?
6
Calculate the greatest common factor of 2912 and 112.
112
What is the greatest common divisor of 4 and 163?
1
What is the greatest common divisor of 2679 and 329?
47
Calculate the greatest common divisor of 1818 and 126.
18
Calculate the greatest common divisor of 16 and 12.
4
Calculate the greatest common divisor of 1530 and 225.
45
Calculate the highest common divisor of 16 and 1488.
16
What is the greatest common divisor of 66 and 121?
11
What is the highest common divisor of 108 and 1026?
54
Calculate the greatest common factor of 42 and 174.
6
Calculate the greatest common factor of 171 and 1235.
19
Calculate the highest common factor of 868 and 56.
28
Calculate the greatest common factor of 1212 and 12.
12
What is the highest common divisor of 50 and 70?
10
What is the greatest common factor of 234 and 754?
26
Calculate the greatest common divisor of 85 and 68.
17
Calculate the highest common factor of 527 and 93.
31
What is the greatest common factor of 2448 and 3825?
153
What is the highest common divisor of 32 and 912?
16
Calculate the greatest common factor of 187 and 198.
11
What is the greatest common divisor of 522 and 81?
9
Calculate the highest common divisor of 141 and 141.
141
Calculate the greatest common divisor of 6 and 34.
2
What is the greatest common factor of 100 and 80?
20
Calculate the greatest common factor of 2074 and 1258.
34
Calculate the highest common divisor of 10 and 6.
2
What is the greatest common divisor of 196 and 56?
